5*w + 9. Suppose 7*x = 2*x - 30. Is 13 a factor of n(x)?
True
Let b(k) = -17*k - 5. Is b(-2) a multiple of 14?
False
Let p(w) = w**2 - 2*w - 1. Is 7 a factor of p(4)?
True
Let n = 5 + 43. Is 12 a factor of n?
True
Let t(p) = p**2 - 13*p - 9. Let r be t(8). Let m be r/(-2 + -1 + 2). Suppose -m = -2*q - 3*u, -2*q + 0*q + 57 = -5*u. Is q a multiple of 13?
True
Suppose 5*b + 2*y - 3 + 4 = 0, 10 = 5*y. Is 96/(-15)*(-4 + b) a multiple of 8?
True
Let u(b) = -b**3 + 4*b**2 - 3*b. Let r be u(2). Is (r - 1)*40/2 a multiple of 10?
True
Let r = 501 - 250. Is 16 a factor of r?
False
Let f be 72/(-16)*(-2)/(-3). Let x(w) = -3*w + 0*w + 0*w - 1. Does 4 divide x(f)?
True
Suppose -132 = -2*i - 10. Let d = i + -29. Is d a multiple of 9?
False
Let d(x) = 8*x - 2*x + 23*x + 23*x. Let g be d(2). Suppose g = -a + 5*a. Does 13 divide a?
True
Let t = 91 + -51. Does 9 divide t?
False
Suppose 15 - 5 = 5*p. Let w = p + 9. Suppose 44 = 5*l - w. Is l a multiple of 11?
True
Let f be 3/7 + (-372)/(-14). Suppose s - 2*s + f = 3*q, -5*q = -2*s - 34. Does 8 divide q?
True
Suppose 4*t = 2*l - 154, 5*l + 3*t = -t + 343. Is 12 a factor of l?
False
Suppose -f + 1 + 5 = 0. Suppose 0 = -f*g + g + 155. Is g a multiple of 13?
False
Suppose 0*j - 3*j = -591. Suppose 0 = 3*k + 3*d + d - 138, 4*k + d = j. Suppose x - 3*x + k = 0. Is 17 a factor of x?
False
Suppose -756 = -5*d + 3*d. Suppose 4*x - d = -154. Is 20 a factor of x?
False
Let l(j) be the second derivative of -13*j**3/6 + j**2/2 - 5*j. Does 10 divide l(-1)?
False
Let o be ((-6)/4)/((-6)/8). Let f = o + 2. Suppose 24 = -0*x + f*x. Is x a multiple of 5?
False
Let l = 27 + -23. Is l a multiple of 3?
False
Let d(f) = 5*f**2 - 3*f - 10. Does 11 divide d(-3)?
True
Let j(n) = -2*n + 5. Let x be j(-6). Suppose 4*m - x = 3*k + 3, -2*k = -3*m + 16. Suppose -3*o = -35 + m. Is 7 a factor of o?
False
Let h(d) = d + 21*d**2 - 20*d**2 - 14*d + 18. Does 18 divide h(13)?
True
Let p(c) = c**3 - 4*c**2 - 5. Is 8 a factor of p(5)?
False
Let f(q) = -2 - 3*q - 3 + 2 - 1. Let h(z) = z**2 + 8*z + 5. Let g be h(-6). Does 7 divide f(g)?
False
Let r(u) = 24 + 2*u**2 + 5*u + 0*u**2 + 14*u - u**2. Does 2 divide r(-18)?
True
Let a(k) be the second derivative of 5*k**3/6 - 4*k**2 + 3*k. Does 11 divide a(6)?
True
Let i(w) be the third derivative of -3*w**4/8 + w**3/6 + 3*w**2. Let d be ((-2)/3)/(1/3). Is i(d) a multiple of 12?
False
Let b(r) = 21*r**2 + r. Let o(d) = d + 7. Let f be o(-6). Does 11 divide b(f)?
True
Let g(n) be the third derivative of n**5/20 - n**4/24 - n**3/6 - 2*n**2. Is g(-1) a multiple of 3?
True
Let l be (-6)/(-21) - (-1821)/21. Suppose -l + 15 = -2*h. Does 9 divide h?
True
Let d(m) = m**3 + 3*m**2 + m - 4. Let t(q) = q**3 + 3*q**2 - 4. Let o(y) = 5*d(y) - 6*t(y). Let s be o(-4). Suppose 3*c - 33 = -s. Is c a multiple of 11?
True
Suppose -12*g + 360 = -6*g. Does 15 divide g?
True
Let x(a) = a**3 - 3*a**2 - 9*a + 4. Is x(8) a multiple of 12?
True
Let k be 1*2/(-4)*-6. Suppose -k*c - 2*c + 12 = q, -5*c = -q - 18. Suppose -20 = -c*h + 76. Does 16 divide h?
True
Let a(i) = -13*i**2 - 2*i - 1. Let w be a(-2). Let x = w - -110. Does 15 divide x?
False
Suppose 0 = 2*n + 7 - 53. Let l = n + 5. Does 14 divide l?
True
Let f(h) be the third derivative of -7/24*h**4 - 13/6*h**3 - 2/15*h**5 + 1/120*h**6 - 2*h**2 + 0*h + 0. Does 4 divide f(9)?
False
Let d = -33 - -8. Suppose -4*o + v = 2*v, -2*o + 5*v = 0. Is 9 a factor of d/2*(o - 2)?
False
Let n(q) = 9*q**3 + 5*q**2 - q - 3. Let x be n(3). Let u be (x/(9/(-3)))/(-2). Let o = -27 + u. Is 10 a factor of o?
True
Let n = 7 + -5. Suppose -5*z + 9 = n*k, 0 = 2*k + 3*k + 5*z + 15. Let i(y) = -y**2 - 9*y + 6. Is i(k) a multiple of 7?
True
Suppose -11*x - 4 = -12*x. Let r(j) = 2*j**3 - 4*j**2 + 5*j + 5. Is 26 a factor of r(x)?
False
Suppose -4*s - n - 3*n - 56 = 0, 5*n + 55 = -4*s. Is 8 a factor of (48/20)/((-2)/s)?
False
Let h = 91 - 44. Suppose -x - 3*p - 39 - h = 0, -p = -2*x - 165. Let y = 125 + x. Does 15 divide y?
False
Suppose 0 = -q + 2*q + 2. Let t be ((-15)/(-6))/(1/q). Let d = -2 - t. Does 2 divide d?
False
Suppose -4*s - 3*x + 240 = 0, 4*s - 4*x - 417 = -177. Is s a multiple of 20?
True
Suppose i = 7 - 4. Suppose i*g - 33 = -3*r, -5*r - g - 2*g = -55. Is r a multiple of 11?
True
Suppose -3*g = -3*a + 411, -3*a + g - 37 = -456. Is 20 a factor of a?
False
Suppose 2*k - 51 = 53. Is k a multiple of 8?
False
Let w = -2 + 3. Let x be w - (-3)/(9/3). Suppose 2*i = -x + 18. Is i a multiple of 4?
True
Let m be (0/((-6)/3))/2. Let s(w) = -w + w - 4 - w**3 + m*w + 6*w + 5*w**2. Does 14 divide s(5)?
False
Let x(k) = -2*k**2 + 5*k + 2*k**2 - k**2 + 8. Let a be x(6). Suppose -h + 2*j = -6, a*j + j + 34 = 4*h. Is 10 a factor of h?
True
Let d(j) be the second derivative of -j**3/6 - j**2 - 6*j. Is 10 a factor of d(-16)?
False
Let b(y) = 2*y**2 + 2*y + 1. Let t be b(-1). Is 7 a factor of 1*(2 - -17) - t?
False
Suppose -12 = -4*i - 8. Does 18 divide 0 - (i - 38 - -1)?
True
Let w(f) be the third derivative of f**6/40 - f**4/8 + f**3/6 + f**2. Is 7 a factor of w(2)?
False
Suppose -d + 2 - 7 = 0. Let z = -5 + d. Let j = z + 32. Does 10 divide j?
False
Let a = -5 - -5. Suppose a = 8*r - 3*r - 60. Is r a multiple of 6?
True
Let l be 9/6 - (-3)/6. Let h be 17/1 - (-4)/(-2). Is 9 a factor of (3 - l)/(1/h)?
False
Let u(m) = -25*m + 10. Is 16 a factor of u(-6)?
True
Suppose -3*b + 107 + 13 = 0. Suppose -3*m = -5*m + 58. Let z = b - m. Is 6 a factor of z?
False
Suppose 3*i = 7*i - 2*l - 46, -4*l - 14 = -2*i. Does 8 divide i?
False
Suppose 0 = 2*w - 13 + 5. Suppose 0 = w*z, -6*l + l + z + 300 = 0. Is l a multiple of 15?
True
Let d = -65 - -92. Is 21 a factor of d?
False
Let r be -12*(16/(-6) - -2). Let j = r - 5. Let k(t) = 3*t**2 - 1. Is 13 a factor of k(j)?
True
Suppose -215 = 5*y - 10*y. Is y a multiple of 11?
False
Let g = -76 + 116. Is 31 a factor of g?
False
Let g = 7 + -3. Suppose -3*z - 8 = -v - 1, 7 = v + g*z. Is 2 a factor of -1 + 1 - -1*v?
False
Let p(h) = 7*h**2 + h - 1. Let s be p(1). Suppose 41 = 2*i - 5*v, 4*v - 7 - s = -2*i. Is 13 a factor of i?
True
Let y = -53 + 34. Let p(q) = -q + 31. Let h be p(0). Let k = y + h. Is k a multiple of 12?
True
Let l = -44 - -86. Is 21 a factor of l?
True
Let l(a) = -a**2 - 4*a + 3*a**2 + 0*a + 11*a. Is l(-6) a multiple of 15?
True
Suppose -4*r = -1 - 3. Suppose -r = -3*o + 65. Does 8 divide o?
False
Suppose 5*c = -123 + 23. Let y = -64 + 23. Let l = c - y. Is l a multiple of 10?
False
Suppose -4*b + 18 = -3*x - b, 0 = 5*b - 20. Is 19 + (4/x - -3) a multiple of 20?
True
Suppose -4*i = 5*z - 19, 0*i + 4*i + 11 = 5*z. Suppose -2*g + 3 = -z. Is 2 a factor of g?
False
Suppose -600 = 4*q - 9*q. Is 12 a factor of q?
True
Let f(x) be the third derivative of -x**4/24 - x**3/6 - x**2. Let a be f(-3). Suppose -a*p = p - 99. Does 11 divide p?
True
Suppose 4*a = 105 - 45. Suppose 0 = 4*z - 0*z + 3*b - a, 0 = -3*b - 9. Suppose 0 = 2*i - z*i + 36. Is i a multiple of 9?
True
Let a(j) be the first derivative of -j**4/4 + 7*j**3/3 - 2*j**2 - 5*j - 2. Let r = 18 + -13. Does 13 divide a(r)?
False
Suppose -3*i = 5*w - 40, -w = 4*i - i - 20. Is w a multiple of 4?
False
Is (-15)/(-3)*(-5)/(10/(-6)) a multiple of 2?
False
Suppose -2*f + 20 = -0*f. Is 15 a factor of 105/f*24/14?
False
Suppose 0*d + 4*d - 24 = 0. Suppose a - d*a + 180 = 0. Does 9 divide a?
True
Suppose 5*i = 3*w - 41 - 93, -3*w + 94 = 5*i. Does 38 divide w?
True
Does 16 divide (681/(-7) + 2/7)*-1?
False
Let v = 23 - 16. Suppose v = -4*w - 3*k - 0, w + 8 = -2*k. Is (-4)/w + (-3 - -21) a multiple of 8?
True
Let v = 4 + 1. Suppose v*j = 3*b + 10, 2*j - 4 = -0*b - b. Suppose -2*x - 48 = -4*i + j*x, 0 = 3*i - 5*x - 40. Is 5 a factor of i?
True
Let j be 8/2 - (1 - -1). Let s(u) = u**2 + 2*u - 3. Let y be s(j). Does 5 divide 78/15 + (-1)/y?
True
Suppose 248 = 4*h - 0*h. Is h a multiple of 31?
True
Suppose 2*y + 3*v = y + 48, 0 = -3*y - 2*v + 130. Is 21 a factor of y?
True
Suppose n + 3 = 2. Is n/3 - 38/(-6) even?
True
Suppose -24*d = -19*d - 725. Does 5 divide d?
True
Let h(u) = -4*u + 1. Let p be h(-4). Suppose p = b - 0. Is 15 a factor of b?
False
Let m(r) = 5*r + 39. Does 18 divide m(21)?
True
Let t(w) = w - 4. Let o be t(7). Suppose -32 = -o*z + 4*f - 8, 0 = 5*z - 4*f - 40. Is 7 a factor of z?
False
Let i(u) = 44*u. Is 22 a factor 